pose 0 = -5*m - z, 5*y - 99 = 5*m - 19. What are the prime factors of y?
2, 3
Suppose 5*f - 133 - 17 = 0. Let y = f + -13. List the prime factors of y.
17
Let r = 246 + -170. Suppose 0*x - 4*x + r = 0. List the prime factors of x.
19
Let t be 0/((-1)/(1/2)). Suppose -4*n - 12 = -t. Let w = n - -6. What are the prime factors of w?
3
Suppose 0*j + 2*j - 72 = 0. List the prime factors of j.
2, 3
Suppose -18*q + 23*q - 165 = 0. What are the prime factors of q?
3, 11
Let i = -6 - -7. Let t be ((-3 - 0)*-1)/i. Suppose -t*v - 23 = -5*u + u, -4*u + 2*v = -18. What are the prime factors of u?
2
Let c = 37 - 22. Suppose 2*l - 2*y = 14, 2*l - 6 - c = -5*y. Suppose g = 4*t + 29, -2*t + l = -0*g + 2*g. List the prime factors of g.
3
Let i(r) = -3 - 2*r + 2*r - 2*r + 0*r. List the prime factors of i(-6).
3
Suppose -5*l - 190 = -0*l. Let s be l/12 - 3/(-18). List the prime factors of -12*((-5)/s - 2).
2
Let y(q) = -q**2 - 5*q - 4. Let j(r) = -r - 11. Let l be j(-8). Let a be y(l). Suppose -a*u + 55 = 3*u. What are the prime factors of u?
11
Let u(l) = l**2 - l - 8. Suppose 0 = 3*d - 0*d. Let k be u(d). List the prime factors of 2/6*3 - k.
3
List the prime factors of (2/(-2))/((-1)/53).
53
Let w be 231/(-14)*(-6)/1. List the prime factors of 2/(6/w + 0).
3, 11
Let m(g) = g - 1. Let x be m(6). Suppose -h = -3, u + 3*h - 3 = x*h. What are the prime factors of u?
3
Suppose 2 = 4*l + 6. List the prime factors of (-12)/l - (-2)/1.
2, 7
Let z = -3 - 5. Let i(x) = -x**3 - 7*x**2 + 10*x + 12. Let h be i(-8). List the prime factors of (9/h)/(3/z).
2, 3
Let s be 1 + (6/(-3))/(-2). Let p(v) = -v + 4. Let l be p(3). List the prime factors of (s/(-4))/(l/(-16)).
2
Let i be 2/(-4) + 77/14. Suppose -7 - 3 = i*h. List the prime factors of 10 - (-1)/(1/h).
2
Let k be 29 + 2 + 1 + -3. Let n = k + -5. List the prime factors of n.
2, 3
Let r be 72/(-30)*10/3. List the prime factors of (r/(-10))/(4/30).
2, 3
Let u(c) = 125*c**2 - 25*c. Let t(o) = -21*o**2 + 4*o. Let w(h) = -25*t(h) - 4*u(h). List the prime factors of w(1).
5
What are the prime factors of ((-5)/(-4))/(-5) - (-122)/8?
3, 5
Suppose -3*j = 5*y - 16, -4*j - y = -0*y - 10. Suppose j*s = 1 + 5. List the prime factors of s.
3
Let v be 1 - 4/(1/1). Let h be (-38)/v - 1/(-3). Let c = h - 5. What are the prime factors of c?
2
Let p(o) = 6*o**3 + 4*o**2 - 3*o. Let d be p(2). Suppose 0*t = -t + d. Suppose 5*g - 3*x = t, 2*x = -g + 4*g - 35. What are the prime factors of g?
11
Suppose -4*j - 10 - 2 = 2*p, 14 = -2*j + p. Let l = 16 + j. What are the prime factors of l?
11
What are the prime factors of (5/(-15))/(2/(-102))?
17
Let r = -27 - -58. List the prime factors of r.
31
Suppose 3*q = -2*h + 10, -2*q = -h + 2*h - 6. Let t be 3/2*q - 1. List the prime factors of (0 + t + -12)/(-1).
2, 5
Let h(q) = 14*q - 10. What are the prime factors of h(4)?
2, 23
Let u(g) = -g - 10. Let s be u(-8). What are the prime factors of s/3*(-408)/16?
17
Let w(v) = v**2 + 4*v + 1. Let a be w(-5). Let c = a - -5. What are the prime factors of c?
11
Let z = 22 - 16. Let q = z + 12. List the prime factors of q.
2, 3
Let a = 10 + -13. Let i = 0 - a. What are the prime factors of i?
3
Let o be (7 - -19) + (-3 - 0). Suppose 2*g - 64 = -5*f, o = f - 0*f - 3*g. What are the prime factors of f?
2, 7
Let z(h) be the first derivative of 10*h**3/3 + h**2/2 - 2. What are the prime factors of z(1)?
11
Let u(o) = -37*o + 1. Let j be u(1). Suppose 5*z - 4*m = -2*m + 285, -3*z + m = -170. Let w = z + j. What are the prime factors of w?
19
List the prime factors of (-2282)/(-21) + 3/9.
109
Let q = 10 + 3. List the prime factors of q.
13
Suppose 5*t + 5*u - 95 = 135, 3*u + 77 = 2*t. What are the prime factors of t?
43
Let n(d) = d**3 - 4*d**2 - 5*d + 4. What are the prime factors of n(5)?
2
Suppose 0 = 19*y - 13*y - 690. List the prime factors of y.
5, 23
Suppose -45 = -n - f, 6*n - 2*f - 198 = 2*n. What are the prime factors of n?
2, 3
Let f = -19 - -27. List the prime factors of f.
2
Let w be ((-30)/(-5))/((-6)/(-4)). Suppose p + w*t - 23 = 3*t, 0 = 2*t - 2. What are the prime factors of p?
2, 11
Let j(l) = 8*l**2 - 2*l - 2. Let w be j(2). Suppose 2*f = -0*f + 6. Suppose -5*z + f*z + w = 0. List the prime factors of z.
13
Suppose -63 = -4*n + n. What are the prime factors of n?
3, 7
Let s(c) = -c + 4. Let d(j) = j**3 + 6*j**2 - j - 6. Suppose -q = q + 12. Let m be d(q). What are the prime factors of s(m)?
2
List the prime factors of -2*5/10 + 54.
53
Suppose 3*n - 3*l - 7 = -211, -212 = 3*n - l. What are the prime factors of (-47)/(-9) + 16/n?
5
Suppose -2*i - 150 = -2*q, -4*q - 25 + 316 = 5*i. List the prime factors of q.
2, 37
Suppose 0 = 2*h - n - 77, -3*n + 120 = -h + 4*h. List the prime factors of h.
3, 13
Suppose 5*c - 60 = -0*c. What are the prime factors of c?
2, 3
Let i(y) be the first derivative of -y**2/2 + 2*y - 1. What are the prime factors of i(-7)?
3
What are the prime factors of (8 - 4) + 100 + -4 + -3?
97
Let s = -95 + 175. List the prime factors of s/6 - (-3)/(-9).
13
Let s = 40 + -18. List the prime factors of s.
2, 11
Let f(h) = 9*h**2 + h - 2. Let i = 3 + -6. Let o be f(i). Suppose o = -z + 5*z. List the prime factors of z.
19
Suppose 0 = 4*p + 47 - 15. Let y = 18 + p. What are the prime factors of y?
2, 5
Let k = 830 - 486. What are the prime factors of k?
2, 43
Let c be -2*(2 + -1) - 17. Let a = 27 + c. List the prime factors of a.
2
Let k(u) = -20*u**3 - 5*u**2 - 17*u - 6. Let b(f) = 7*f**3 + 2*f**2 + 6*f + 2. Let j(q) = -11*b(q) - 4*k(q). List the prime factors of j(2).
2, 11
What are the prime factors of (9/6)/((-2)/(-108))?
3
Let w = 81 - 358. List the prime factors of w/(-9) + 6/27.
31
Let g(w) = -4 + 3*w**2 - 11*w + 2*w**3 + 9*w - w**3. Let s be g(-3). List the prime factors of 12 + s*(-1)/(-2).
13
Let i(k) = -12*k. Suppose -8 = -3*v + 1. Suppose 2*q - 3*z + 5 = -0*q, v*z = 3. What are the prime factors of i(q)?
2, 3
Let w be (2/(-6))/(1/3). Suppose 4*o = -4*l + 52, 2*l - 36 + 16 = o. Let z = w + l. What are the prime factors of z?
2, 5
Suppose -3*p - 25 = -5*m - 8*p, -m + 9 = 5*p. List the prime factors of (45/(-6))/((-2)/m).
3, 5
Let j be 1292/18 - (-4)/18. Let m = -44 + j. List the prime factors of m.
2, 7
Suppose 4*d + 80 = -z - d, 0 = -z + 5*d - 40. What are the prime factors of 141/5 - 48/z?
29
Let f(s) = s**3 - 8*s**2 + 4*s - 2. Let b be f(5). Let a = b - -86. Let x = -20 + a. What are the prime factors of x?
3
Suppose 5*l = -2*d - 3*d + 650, -4*d = -l + 145. List the prime factors of l.
7, 19
Suppose q - 195 = -4*q. Suppose -2*c - 2*c - 18 = -2*u, -q = -5*u + 4*c. List the prime factors of (-6)/(-21) - (-110)/u.
2
Let i(w) = w**3 - 2*w**2 + 4*w - 3. Let g be i(2). Let c = 3 - g. Let d(x) = x**3 + 5*x**2 + x - 1. What are the prime factors of d(c)?
3
Let w = -2 - -1. Let b be (2*w)/((-6)/(-15)). Let g = b - -9. What are the prime factors of g?
2
Suppose 0 = -2*g - 3*g + 80. Suppose g = z - 0*z. List the prime factors of z.
2
Let n(w) = -w**2 + 5*w - 11. Let t be n(8). Let r = t + 21. Let o = r + 20. List the prime factors of o.
2, 3
Let f(s) = -5*s - 2. Let v be (-2 + (-3)/(-1))*-5. What are the prime factors of f(v)?
23
Suppose -4*s + 3*d = 8 - 2, 0 = 5*s + 3*d - 6. Suppose s = -t + j + 6, 2*j - 24 = -2*t - 2*t. What are the prime factors of t?
2, 3
Suppose -5*i - 23 = 5*m + 37, -41 = 3*i + 4*m. What are the prime factors of (-1 - -3)/((-2)/i)?
7
Suppose 0 = 2*o - 2, -3*y = -y - o - 9. Suppose 0 = -5*k + y*v + 10, 5*k = -v + 52 - 18. List the prime factors of k.
2, 3
Suppose 3*d - 1 = 2*f - 2, -2*f = -2*d - 4. Suppose -3*u + 12 = -d. Suppose -g + u = 1. List the prime factors of g.
2
Let k = -45 + 82. List the prime factors of k.
37
Let o = 3 + -2. Suppose -o + 17 = 4*z. Let s = 6 - z. List the prime factors of s.
2
Let q = 13 - -16. What are the prime factors of q?
29
Suppose 5*u + 2*j + 27 = 0, j - 24 = 2*u - 6. Let i = u + 7. Let l = i + 2. What are the prime factors of l?
2
Let n be 2/(-5) + (-184)/(-10). Let t = n + -5. List the prime factors of t.
13
Let k(h) be the third derivative of 1/12*h**5 - 1/12*h**4 + 0*h - 1/2*h**3 + h**2 - 1/120*h**6 + 0. What are the prime factors of k(4)?
5
Let m(a) = 1 - 2*a - 2*a**2 + 4*a**2 - a**2. List the prime factors of m(4).
3
Let x be 12/(-8) - 1/2. Let y be (-5)/(-1) + 4/x. Let 